common factor of 123640 and 2200?
440
Calculate the greatest common factor of 24 and 20388.
12
What is the greatest common divisor of 190458 and 14?
2
Calculate the greatest common divisor of 50 and 590.
10
Calculate the highest common factor of 50358 and 18.
6
What is the highest common divisor of 13199 and 12805?
197
What is the greatest common factor of 92475 and 30?
15
Calculate the greatest common divisor of 11978 and 1130.
226
Calculate the highest common divisor of 420924 and 84.
84
What is the highest common divisor of 615778 and 11174?
302
Calculate the greatest common factor of 21819 and 105.
21
Calculate the highest common factor of 184016 and 119939.
1643
What is the greatest common factor of 821640 and 4?
4
What is the highest common divisor of 61008 and 14256?
48
What is the highest common factor of 142788 and 657?
219
Calculate the highest common divisor of 997939 and 466.
233
Calculate the highest common factor of 11 and 13849.
11
What is the highest common factor of 180 and 281592?
36
What is the highest common factor of 1585 and 32651?
317
What is the greatest common factor of 463 and 47226?
463
What is the greatest common factor of 2100 and 2436?
84
Calculate the highest common factor of 5617 and 738.
41
Calculate the highest common divisor of 212933 and 532.
133
Calculate the highest common divisor of 1702047 and 1791.
597
What is the greatest common divisor of 1720 and 200?
40
What is the greatest common factor of 1852 and 694963?
463
Calculate the highest common divisor of 465 and 35619.
93
What is the highest common factor of 45164 and 42?
14
What is the greatest common divisor of 3425 and 8245?
5
Calculate the highest common divisor of 1140 and 1500.
60
Calculate the greatest common factor of 1577 and 623828.
83
What is the highest common divisor of 439 and 11232693?
439
What is the greatest common divisor of 3 and 3497?
1
What is the greatest common divisor of 1545309 and 6489?
927
Calculate the highest common factor of 561 and 54604.
187
Calculate the highest common divisor of 1651590 and 1620.
810
What is the highest common factor of 656 and 55186?
82
What is the highest common factor of 173 and 1211?
173
What is the highest common divisor of 78988 and 49?
49
What is the greatest common factor of 583 and 18623?
11
What is the highest common divisor of 117775 and 70?
35
What is the highest common divisor of 76552 and 88?
8
Calculate the highest common divisor of 66036 and 4.
4
What is the greatest common factor of 980 and 1190?
70
Calculate the highest common divisor of 13924 and 590.
118
Calculate the highest common divisor of 2466 and 4247.
137
Calculate the greatest common factor of 16638 and 1128.
282
Calculate the highest common factor of 505 and 2520152.
101
What is the highest common divisor of 3 and 2650?
1
What is the highest common divisor of 3806 and 506?
22
What is the highest common divisor of 6 and 426375?
3
Calculate the greatest common factor of 1080 and 23080.
40
What is the highest common factor of 270 and 10930?
10
What is the highest common divisor of 2790 and 3010?
10
Calculate the greatest common factor of 5 and 7768930.
5
What is the greatest common divisor of 1025 and 451?
41
Calculate the greatest common factor of 2582459 and 33.
11
Calculate the greatest common divisor of 11005 and 124.
31
What is the highest common factor of 351 and 88686?
117
Calculate the highest common divisor of 77 and 3817.
11
Calculate the highest common divisor of 64719 and 8178.
141
What is the greatest common factor of 178429 and 532?
19
What is the greatest common factor of 68228 and 9028?
148
Calculate the highest common factor of 2787670 and 80.
10
What is the greatest common factor of 4452 and 364?
28
Calculate the greatest common factor of 16274 and 632.
158
What is the greatest common divisor of 216 and 14850?
54
What is the greatest common divisor of 20 and 1730?
10
What is the greatest common divisor of 1921 and 2482?
17
What is the greatest common divisor of 38407 and 1737?
193
Calculate the greatest common divisor of 4142 and 4940.
38
Calculate the greatest common divisor of 122554 and 290.
58
Calculate the greatest common divisor of 11481 and 2838.
129
Calculate the highest common divisor of 4257 and 645.
129
What is the greatest common factor of 666 and 22?
2
What is the highest common factor of 3250 and 410?
10
Calculate the highest common divisor of 40983 and 114.
57
What is the greatest common factor of 1770 and 4484?
118
Calculate the greatest common divisor of 3708 and 1476.
36
Calculate the greatest common divisor of 385 and 1461845.
385
What is the highest common factor of 12470 and 12040?
430
What is the greatest common factor of 56584 and 907916?
2572
Calculate the highest common factor of 36 and 20453868.
36
Calculate the highest common factor of 216 and 72792.
216
What is the highest common divisor of 118802 and 6112?
382
Calculate the highest common divisor of 8721 and 19737.
459
Calculate the highest common divisor of 46683 and 4845.
57
Calculate the highest common factor of 1903896 and 1706.
1706
What is the greatest common divisor of 40 and 10151880?
40
What is the greatest common factor of 230700 and 24?
12
Calculate the greatest common divisor of 1647 and 119804.
61
Calculate the highest common factor of 217924 and 688.
172
What is the greatest common divisor of 278399 and 11?
11
What is the greatest common divisor of 449579 and 13?
13
What is the highest common factor of 18 and 38493?
9
What is the greatest common divisor of 16 and 44152?
8
What is the greatest common factor of 67923 and 36?
9
What is the highest common factor of 3744 and 447096?
312
What is the greatest common factor of 14 and 14?
14
Calculate the greatest common factor of 138760 and 80.
40
What is the highest common divisor of 62124 and 8851?
167
What is the highest common divisor of 154 and 1278398?
22
Calculate the highest common divisor of 4000 and 875.
125
Calculate the highest common factor of 275307 and 2445.
489
What is the greatest common factor of 4095 and 283815?
315
What is the highest common divisor of 78705 and 4081?
583
Calculate the highest common factor of 2420 and 17160.
220
Calculate the highest common divisor of 147025 and 325.
25
Calculate the greatest common divisor of 8613 and 396.
99
Calculate the highest common divisor of 32688 and 3178.
454
Calculate the highest common divisor of 2100 and 2316.
12
Calculate the greatest common divisor of 380 and 739860.
380
Calculate the greatest common factor of 21629 and 86.
43
What is the highest common factor of 42200 and 1800?
200
What is the greatest common divisor of 11280 and 33276?
564
Calculate the greatest common divisor of 19716 and 1749.
159
What is the greatest common factor of 7969259 and 179?
179
Calculate the highest common factor of 255 and 5595.
15
Calculate the highest common divisor of 8570 and 1570.
10
Calculate the greatest common factor of 6948106 and 22.
22
Calculate the greatest common factor of 2591 and 28.
1
Calculate the greatest common factor of 63 and 55944.
63
What is the highest common divisor of 16 and 255544?
8
Calculate the highest common divisor of 4494 and 196452.
642
Calculate the greatest common divisor of 741 and 393.
3
Calculate the highest common divisor of 11397 and 2059.
29
Calculate the greatest common divisor of 866920 and 80.
40
Calculate the greatest common divisor of 1316 and 7845992.
1316
What is the highest common divisor of 10632 and 156?
12
What is the highest common factor of 21390 and 207?
69
What is the greatest common factor of 5104 and 208?
16
What is the greatest common factor of 351 and 84201?
39
What is the greatest common factor of 4878 and 414?
18
Calculate the highest common divisor of 8748966 and 786.
786
What is the greatest common factor of 17721 and 506033?
1969
Calculate the greatest common divisor of 119 and 10972633.
119
Calculate the highest common factor of 436476 and 24.
12
What is the highest common factor of 154650 and 75?
75
What is the greatest common factor of 43376 and 16?
16
Calculate the greatest common factor of 381416 and 784.
392
Calculate the highest common divisor of 218 and 2412.
2
What is the greatest common factor of 106 and 586127?
53
Calculate the highest common f